{"id":1431,"date":"2025-12-04T15:10:59","date_gmt":"2025-12-04T15:10:59","guid":{"rendered":"https:\/\/bravery.berlin\/stage1\/?page_id=1431"},"modified":"2025-12-15T17:05:11","modified_gmt":"2025-12-15T17:05:11","slug":"werde-weihnachtsmann","status":"publish","type":"page","link":"https:\/\/bravery.berlin\/stage1\/waswirtun\/werde-weihnachtsmann\/","title":{"rendered":"Werde Weihnachtsmann"},"content":{"rendered":"\n<div class=\"wp-block-group has-global-padding is-layout-constrained wp-container-core-group-is-layout-72d38984 wp-block-group-is-layout-constrained\" style=\"margin-top:0;margin-bottom:0;padding-top:0;padding-right:0;padding-bottom:0;padding-left:0\">\n<div class=\"wp-block-group is-content-justification-space-between is-layout-flex wp-container-core-group-is-layout-06054c79 wp-block-group-is-layout-flex\" style=\"padding-top:185px;padding-right:0;padding-left:0\">\n<div class=\"wp-block-group is-vertical is-content-justification-left is-nowrap is-layout-flex wp-container-core-group-is-layout-633106da wp-block-group-is-layout-flex\" style=\"margin-top:0;margin-bottom:0;padding-top:0;padding-right:0;padding-bottom:0;padding-left:0\">\n<h4 class=\"wp-block-heading wp-container-content-9cfa9a5a\" style=\"margin-top:0;margin-right:0;margin-bottom:1rem;margin-left:0;padding-top:0;padding-right:1rem;padding-bottom:0;padding-left:1rem\">Werde Weihnachtsmann<\/h4>\n<\/div>\n\n\n\n<div class=\"wp-block-group wp-container-content-663c14dd is-vertical is-content-justification-stretch is-layout-flex wp-container-core-group-is-layout-7eace403 wp-block-group-is-layout-flex\" style=\"margin-top:0;margin-bottom:0;padding-top:0;padding-right:var(--wp--preset--spacing--20);padding-bottom:0;padding-left:var(--wp--preset--spacing--20)\">\n<p style=\"font-size:clamp(16.834px, 1.052rem + ((1vw - 3.2px) * 0.881), 26px);font-style:normal;font-weight:300\">Viele Kinder leben nach wie vor in der N\u00e4he der ukrainischen Front. Ihre Eltern arbeiten oft bei der Polizei, dem Rettungsdienst oder im Zivilschutz. Die Familien m\u00f6chten nicht auseinandergerissen werden.<\/p>\n\n\n\n<p style=\"font-size:clamp(16.834px, 1.052rem + ((1vw - 3.2px) * 0.881), 26px);font-style:normal;font-weight:300\">Die Kinder leiden unter der st\u00e4ndigen Gefahr, der Abwesenheit ihrer Freunde und der Angst um ihre Eltern. Lasst uns ihnen ein L\u00e4cheln schenken! Wir haben die Briefe an den Weihnachtsmann erhalten und wollen sie erf\u00fcllen!<\/p>\n\n\n<div class=\"tpgb-plus-button tpgb-relative-block tpgb-block-fcf4_1431 button-style-1  btn-with-icon custom-btn \"><div class=\"animted-content-inner\"><a href=\"https:\/\/bravery.berlin\/stage1\/spenden\/\"   class=\"button-link-wrap tpgb-trans-linear    \" role=\"button\" aria-label=\"Jetzt Helfen\" data-hover=\"Click Here\" ><span><span class=\"btn-icon tpgb-trans-linear  button-before\"><i class=\"far fa-heart\"><\/i><\/span>Jetzt Helfen<\/span><\/a><\/div><\/div><\/div>\n<\/div>\n<\/div>\n\n\n\n<div class=\"wp-block-uagb-container uagb-block-2b3c8aa5 alignfull uagb-is-root-container\"><div class=\"uagb-container-inner-blocks-wrap\">\n<div class=\"wp-block-group pt-1 pb-1 md:pt-6 md:pt-5 is-layout-grid wp-container-core-group-is-layout-f481177e wp-block-group-is-layout-grid\">\n<figure class=\"wp-block-image size-full\"><img loading=\"lazy\" decoding=\"async\" width=\"1170\" height=\"1451\" src=\"https:\/\/bravery.berlin\/stage1\/wp-content\/uploads\/2025\/12\/Frame-1618873030.png\" alt=\"\" class=\"wp-image-1641\" srcset=\"https:\/\/bravery.berlin\/stage1\/wp-content\/uploads\/2025\/12\/Frame-1618873030.png 1170w, https:\/\/bravery.berlin\/stage1\/wp-content\/uploads\/2025\/12\/Frame-1618873030-242x300.png 242w, https:\/\/bravery.berlin\/stage1\/wp-content\/uploads\/2025\/12\/Frame-1618873030-826x1024.png 826w, https:\/\/bravery.berlin\/stage1\/wp-content\/uploads\/2025\/12\/Frame-1618873030-768x952.png 768w\" sizes=\"auto, (max-width: 1170px) 100vw, 1170px\" \/><\/figure>\n\n\n\n<p class=\"has-geom-font-family wp-container-content-74f67fe3\" style=\"padding-top:var(--wp--preset--spacing--50);padding-right:var(--wp--preset--spacing--80);padding-bottom:var(--wp--preset--spacing--50);padding-left:var(--wp--preset--spacing--80);font-size:clamp(0.875rem, 0.875rem + ((1vw - 0.2rem) * 0.192), 1rem);font-style:normal;font-weight:400\">L<mark style=\"background-color:rgba(0, 0, 0, 0)\" class=\"has-inline-color has-custom-primary-color\">ieber Weihnachtsmann, mein Name ist Karina, ich bin 15 Jahre alt. Meine gro\u00dfe Leidenschaft ist das Zeichnen. Es ist meine Art, meine Gef\u00fchle auszudr\u00fccken und meine Freizeit interessant und sinnvoll zu verbringen. Ich m\u00f6chte meine F\u00e4higkeiten weiterentwickeln, und daf\u00fcr brauche ich hochwertiges Material. Wenn es m\u00f6glich ist, w\u00fcrde ich mich sehr \u00fcber ein gro\u00dfes Set professioneller Marker freuen. Wichtig ist mir, dass die Farbpalette m\u00f6glichst breit ist \u2013 von zarten Pastellt\u00f6nen bis hin zu kr\u00e4ftigen und tiefen Farben. Das wird mir helfen, meine kreativen Ideen vollst\u00e4ndig umzusetzen. Vielen Dank, dass Sie meine Bitte angeh\u00f6rt haben.<br>Ich freue mich schon sehr auf die Feiertage!<\/mark><\/p>\n<\/div>\n\n\n\n<hr class=\"wp-block-separator has-text-color has-tertiary-color has-alpha-channel-opacity has-tertiary-background-color has-background is-style-dots\" style=\"margin-top:var(--wp--preset--spacing--30);margin-bottom:var(--wp--preset--spacing--30)\"\/>\n\n\n\n<div class=\"wp-block-group pt-1 pb-1 md:pt-6 md:pt-5 is-layout-grid wp-container-core-group-is-layout-f481177e wp-block-group-is-layout-grid\">\n<figure class=\"wp-block-image size-full\"><img loading=\"lazy\" decoding=\"async\" width=\"1170\" height=\"1451\" src=\"https:\/\/bravery.berlin\/stage1\/wp-content\/uploads\/2025\/12\/Frame-1618873030-1.png\" alt=\"\" class=\"wp-image-1652\" srcset=\"https:\/\/bravery.berlin\/stage1\/wp-content\/uploads\/2025\/12\/Frame-1618873030-1.png 1170w, https:\/\/bravery.berlin\/stage1\/wp-content\/uploads\/2025\/12\/Frame-1618873030-1-242x300.png 242w, https:\/\/bravery.berlin\/stage1\/wp-content\/uploads\/2025\/12\/Frame-1618873030-1-826x1024.png 826w, https:\/\/bravery.berlin\/stage1\/wp-content\/uploads\/2025\/12\/Frame-1618873030-1-768x952.png 768w\" sizes=\"auto, (max-width: 1170px) 100vw, 1170px\" \/><\/figure>\n\n\n\n<div class=\"wp-block-group wp-container-content-c6533bbd has-global-padding is-layout-constrained wp-container-core-group-is-layout-0107690d wp-block-group-is-layout-constrained\" style=\"margin-top:0;margin-bottom:0;padding-top:var(--wp--preset--spacing--50);padding-right:var(--wp--preset--spacing--80);padding-bottom:var(--wp--preset--spacing--50);padding-left:var(--wp--preset--spacing--80)\">\n<p class=\"has-geom-font-family wp-container-content-e29552f7\" style=\"padding-top:0;padding-right:0;padding-bottom:0;padding-left:0;font-size:clamp(0.875rem, 0.875rem + ((1vw - 0.2rem) * 0.192), 1rem);font-style:normal;font-weight:400\">Lieber Weihnachtsmann,<br>mein Name ist Jasia oder Jaroslawa Haliz.<br>Ich werde bald 5 Jahre alt.<br>Bitte schenke mir Figuren aus meinem Lieblingszeichentrickfilm \u201ePJ Masks\u201c.<br>Danke!<br>Frohe Neujahrsfeiertage!!<\/p>\n\n\n\n<p class=\"has-geom-font-family wp-container-content-e29552f7\" style=\"padding-top:var(--wp--preset--spacing--20);padding-right:0;padding-bottom:var(--wp--preset--spacing--20);padding-left:0;font-size:clamp(0.875rem, 0.875rem + ((1vw - 0.2rem) * 0.192), 1rem);font-style:normal;font-weight:400\">Ich w\u00fcnsche mir auch, dass der Krieg endet!<\/p>\n<\/div>\n<\/div>\n\n\n\n<div class=\"wp-block-group has-global-padding is-layout-constrained wp-container-core-group-is-layout-b4832bf0 wp-block-group-is-layout-constrained\" style=\"margin-top:var(--wp--preset--spacing--60);margin-bottom:var(--wp--preset--spacing--60);padding-top:0;padding-right:0;padding-bottom:0;padding-left:0\"><div class=\"tpgb-plus-button tpgb-relative-block tpgb-block-244c_1431 button-style-1  btn-with-icon custom-btn \"><div class=\"animted-content-inner\"><a href=\"https:\/\/bravery.berlin\/stage1\/spenden\/\"   class=\"button-link-wrap tpgb-trans-linear    \" role=\"button\" aria-label=\"Jetzt Helfen\" data-hover=\"Click Here\" ><span><span class=\"btn-icon tpgb-trans-linear  button-before\"><i class=\"far fa-heart\"><\/i><\/span>Jetzt Helfen<\/span><\/a><\/div><\/div><\/div>\n<\/div><\/div>\n","protected":false},"excerpt":{"rendered":"<p>Werde Weihnachtsmann Viele Kinder leben nach wie vor in der N\u00e4he der ukrainischen Front. Ihre Eltern arbeiten oft bei der Polizei, dem Rettungsdienst oder im Zivilschutz. Die Familien m\u00f6chten nicht auseinandergerissen werden. Die Kinder leiden unter der st\u00e4ndigen Gefahr, der Abwesenheit ihrer Freunde und der Angst um ihre Eltern. Lasst uns ihnen ein L\u00e4cheln schenken! [&hellip;]<\/p>\n","protected":false},"author":2,"featured_media":0,"parent":22,"menu_order":0,"comment_status":"closed","ping_status":"closed","template":"wp-custom-template-project-page","meta":{"tpgb_global_settings":"","inline_featured_image":false,"_uag_custom_page_level_css":"","footnotes":""},"class_list":["post-1431","page","type-page","status-publish","hentry"],"tpgb_featured_images":null,"tpgb_post_meta_info":{"get_date":"December 4, 2025","get_modified_date":"December 15, 2025","author_name":"Christoph Knickerbocker","author_url":"https:\/\/bravery.berlin\/stage1\/author\/chris\/","author_email":"Info@chrisknickerbocker.de","author_website":"http:\/\/bravery.berlin","author_description":"","author_facebook":"","author_twitter":"","author_instagram":"","author_role":["administrator"],"author_firstname":"Christoph","author_lastname":"Knickerbocker","user_login":"Chris","author_avatar":"<img alt='' src='https:\/\/secure.gravatar.com\/avatar\/34b90d26ce3a578a1e4a133c867039e08ea053e317bfef6d5fcbc36ade073654?s=200&#038;d=mm&#038;r=g' srcset='https:\/\/secure.gravatar.com\/avatar\/34b90d26ce3a578a1e4a133c867039e08ea053e317bfef6d5fcbc36ade073654?s=400&#038;d=mm&#038;r=g 2x' class='avatar avatar-200 photo' height='200' width='200' loading='lazy' decoding='async'\/>","author_avatar_url":"https:\/\/secure.gravatar.com\/avatar\/34b90d26ce3a578a1e4a133c867039e08ea053e317bfef6d5fcbc36ade073654?s=96&d=mm&r=g","comment_count":0,"post_likes":0,"post_views":0},"tpgb_post_category":[],"uagb_featured_image_src":{"full":false,"thumbnail":false,"medium":false,"medium_large":false,"large":false,"1536x1536":false,"2048x2048":false,"tp-image-grid":false,"mailpoet_newsletter_max":false},"uagb_author_info":{"display_name":"Christoph Knickerbocker","author_link":"https:\/\/bravery.berlin\/stage1\/author\/chris\/"},"uagb_comment_info":0,"uagb_excerpt":"Werde Weihnachtsmann Viele Kinder leben nach wie vor in der N\u00e4he der ukrainischen Front. Ihre Eltern arbeiten oft bei der Polizei, dem Rettungsdienst oder im Zivilschutz. Die Familien m\u00f6chten nicht auseinandergerissen werden. Die Kinder leiden unter der st\u00e4ndigen Gefahr, der Abwesenheit ihrer Freunde und der Angst um ihre Eltern. Lasst uns ihnen ein L\u00e4cheln schenken!&hellip;","_links":{"self":[{"href":"https:\/\/bravery.berlin\/stage1\/wp-json\/wp\/v2\/pages\/1431","targetHints":{"allow":["GET"]}}],"collection":[{"href":"https:\/\/bravery.berlin\/stage1\/wp-json\/wp\/v2\/pages"}],"about":[{"href":"https:\/\/bravery.berlin\/stage1\/wp-json\/wp\/v2\/types\/page"}],"author":[{"embeddable":true,"href":"https:\/\/bravery.berlin\/stage1\/wp-json\/wp\/v2\/users\/2"}],"replies":[{"embeddable":true,"href":"https:\/\/bravery.berlin\/stage1\/wp-json\/wp\/v2\/comments?post=1431"}],"version-history":[{"count":69,"href":"https:\/\/bravery.berlin\/stage1\/wp-json\/wp\/v2\/pages\/1431\/revisions"}],"predecessor-version":[{"id":1643,"href":"https:\/\/bravery.berlin\/stage1\/wp-json\/wp\/v2\/pages\/1431\/revisions\/1643"}],"up":[{"embeddable":true,"href":"https:\/\/bravery.berlin\/stage1\/wp-json\/wp\/v2\/pages\/22"}],"wp:attachment":[{"href":"https:\/\/bravery.berlin\/stage1\/wp-json\/wp\/v2\/media?parent=1431"}],"curies":[{"name":"wp","href":"https:\/\/api.w.org\/{rel}","templated":true}]}}